{"id":37,"date":"2021-01-04T22:00:52","date_gmt":"2021-01-04T21:00:52","guid":{"rendered":"http:\/\/192.168.1.96\/Busch-WEB\/?page_id=37"},"modified":"2026-02-05T19:01:57","modified_gmt":"2026-02-05T18:01:57","slug":"pv-statistik","status":"publish","type":"page","link":"https:\/\/www.busch-arpke.de\/Busch-WEB\/?page_id=37","title":{"rendered":"PV Statistik"},"content":{"rendered":"\n<figure class=\"wp-block-image size-large is-style-default\">\n <object \n    data=\"https:\/\/www.busch-arpke.de\/Busch-WEB\/wp-content\/uploads\/SVG\/Monat_PV.svg\" \ntype=\"image\/svg+xml\" \n    class=\"wp-image-51\"\nstyle=\"width:100%; height:auto;\">\n      <!-- Optionaler Fallback-Inhalt -->\n      Ihr Browser unterst\u00fctzt keine SVGs.\n  <\/object>\n<figcaption class=\"wp-element-caption\">Maximalwert eines Tages im Monat<\/figcaption><\/figure>\n\n\n\n<div class=\"wp-block-columns\" style=\"display: flex; gap: 20px;\">\n  <div class=\"wp-block-column\" style=\"flex: 1;\">\n    <figure class=\"wp-block-image size-large is-style-default\">\n      <object \n        data=\"https:\/\/www.busch-arpke.de\/Busch-WEB\/wp-content\/uploads\/SVG\/Fronius-8-2-3-M.svg\" \n        type=\"image\/svg+xml\" \n        class=\"wp-image-51\">\n        <!-- Optionaler Fallback-Inhalt -->\n        Ihr Browser unterst\u00fctzt keine SVGs.\n      <\/object>\n    <\/figure>\n  <\/div>\n  \n  <div class=\"wp-block-column\" style=\"flex: 1;\">\n    <figure class=\"wp-block-image size-large is-style-default\">\n      <object \n        data=\"https:\/\/www.busch-arpke.de\/Busch-WEB\/wp-content\/uploads\/SVG\/Fronius-10-0-3-M.svg\" \n        type=\"image\/svg+xml\" \n        class=\"wp-image-52\">\n        <!-- Optionaler Fallback-Inhalt -->\n        Ihr Browser unterst\u00fctzt keine SVGs.\n      <\/object>\n    <\/figure>\n  <\/div>\n<\/div>\n\n\n\n<figure class=\"wp-block-image size-large is-style-default\">\n <object \n    data=\"https:\/\/www.busch-arpke.de\/Busch-WEB\/wp-content\/uploads\/SVG\/Max-Monat_PV.svg\" \ntype=\"image\/svg+xml\" \n    class=\"wp-image-51\"\nstyle=\"width:100%; height:auto;\">\n      <!-- Optionaler Fallback-Inhalt -->\n      Ihr Browser unterst\u00fctzt keine SVGs.\n  <\/object>\n<figcaption class=\"wp-element-caption\">Maximalwert eines Tages im Monat<\/figcaption><\/figure>\n\n\n\n<div class=\"wp-block-columns\" style=\"display: flex; gap: 20px;\">\n  <div class=\"wp-block-column\" style=\"flex: 1;\">\n    <figure class=\"wp-block-image size-large is-style-default\">\n      <object \n        data=\"https:\/\/www.busch-arpke.de\/Busch-WEB\/wp-content\/uploads\/SVG\/Fronius-MaxDay-8-2-3-M.svg\" \n        type=\"image\/svg+xml\" \n        class=\"wp-image-51\">\n        <!-- Optionaler Fallback-Inhalt -->\n        Ihr Browser unterst\u00fctzt keine SVGs.\n      <\/object>\n    <\/figure>\n  <\/div>\n  \n  <div class=\"wp-block-column\" style=\"flex: 1;\">\n    <figure class=\"wp-block-image size-large is-style-default\">\n      <object \n        data=\"https:\/\/www.busch-arpke.de\/Busch-WEB\/wp-content\/uploads\/SVG\/Fronius-MaxDay-10-0-3-M.svg\" \n        type=\"image\/svg+xml\" \n        class=\"wp-image-52\">\n        <!-- Optionaler Fallback-Inhalt -->\n        Ihr Browser unterst\u00fctzt keine SVGs.\n      <\/object>\n    <\/figure>\n  <\/div>\n<\/div>\n\n\n\n<figure class=\"wp-block-image size-large is-style-default\"> \n<object \n    data=\"https:\/\/www.busch-arpke.de\/Busch-WEB\/wp-content\/uploads\/SVG\/Max-Day_PV.svg\" \nclass=\"wp-image-49\">\n  <\/object>\n<figcaption class=\"wp-element-caption\">Maximalwert pro Tag\n<\/figcaption><\/figure>\n\n\n\n<div class=\"wp-block-columns\" style=\"display: flex; gap: 20px;\">\n  <div class=\"wp-block-column\" style=\"flex: 1;\">\n    <figure class=\"wp-block-image size-large is-style-default\">\n      <object \n        data=\"https:\/\/www.busch-arpke.de\/Busch-WEB\/wp-content\/uploads\/SVG\/Fronius-MaxLeistung-8-2-3-M.svg\" \n        type=\"image\/svg+xml\" \n        class=\"wp-image-51\">\n        <!-- Optionaler Fallback-Inhalt -->\n        Ihr Browser unterst\u00fctzt keine SVGs.\n      <\/object>\n    <\/figure>\n  <\/div>\n  \n  <div class=\"wp-block-column\" style=\"flex: 1;\">\n    <figure class=\"wp-block-image size-large is-style-default\">\n      <object \n        data=\"https:\/\/www.busch-arpke.de\/Busch-WEB\/wp-content\/uploads\/SVG\/Fronius-MaxLeistung-10-0-3-M.svg\" \n        type=\"image\/svg+xml\" \n        class=\"wp-image-52\">\n        <!-- Optionaler Fallback-Inhalt -->\n        Ihr Browser unterst\u00fctzt keine SVGs.\n      <\/object>\n    <\/figure>\n  <\/div>\n<\/div>\n\n\n\n<figure class=\"wp-block-image size-large is-style-default\">\n  <object \n    data=\"https:\/\/www.busch-arpke.de\/Busch-WEB\/wp-content\/uploads\/SVG\/Jahr-Summe_PV.svg\"\n    type=\"image\/svg+xml\"\n    class=\"wp-image-48\"\n    width=\"100%\" \n    height=\"500\">\n    Ihr Browser unterst\u00fctzt keine SVGs.\n  <\/object>\n  <figcaption class=\"wp-element-caption\">Jahres \u00dcbersicht<\/figcaption>\n<\/figure>\n\n\n\n<figure class=\"wp-block-image size-large is-style-default\">\n  <object \n    data=\"https:\/\/www.busch-arpke.de\/Busch-WEB\/wp-content\/uploads\/SVG\/Fronius-Summe-Alle-Modelle.svg\"\n    type=\"image\/svg+xml\"\n    class=\"wp-image-48\"\n    width=\"100%\" \n    height=\"500\">\n    Ihr Browser unterst\u00fctzt keine SVGs.\n  <\/object>\n  <figcaption class=\"wp-element-caption\">Jahres \u00dcbersicht<\/figcaption>\n<\/figure>\n\n\n\n<p>Diese Statistik ist enstanden, da es mir sonst nicht m\u00f6glich war einen Nachweis \u00fcber die konstanste Leistung der Anlage \u00fcber die Zeit zu bekommen. Der Wechselrichter speichert nur die Daten f\u00fcr Max. einem Jahr.<\/p>\n\n\n\n<p> Es wurde vom Hersteller ein maximaler Leistungsverlust von 20% \u00fcber 20 Jahre zugesichert. Ohne entsprechende Vergleichswerte kann ich keine Aussage treffen, ob die Zusagen eingehalten werden.<\/p>\n\n\n\n<h2 class=\"wp-block-heading\">Die Anlage:<\/h2>\n\n\n\n<ul class=\"wp-block-list\">\n<li>Eine PV Anlage mit 6,8 KWp.<\/li>\n\n\n\n<li>Erstellt im August 2012. Ohne Batterie Pufferspeicher.<\/li>\n\n\n\n<li>Einspeise Verg\u00fctung von 19,8 ct\/KWh<\/li>\n\n\n\n<li>Danfoss Wechselrichter (wurde in der Zwischenzeit von SMA aufgekauft)<\/li>\n<\/ul>\n\n\n\n<h2 class=\"wp-block-heading\">Die Erstellung der Statistik<\/h2>\n\n\n\n<p>Der Danfoss Wechselrichter erzeugt jeden Tag in einem 10 min Abstand alle Daten der PV Anlage (Spannung, Strom, Leistung&#8230; uvm.)<\/p>\n\n\n\n<p>Diese Daten lasse ich per sFTP auf ein Speichersystem transportieren. Die Daten werden in ihrer Rohform in eine MySQL Datenbank eingelesen. Die Filedatei wird in ein Archive Ordner verschoben. So gehen keien Daten verloren, auch wenn einmal etwas schief geht. Dieses erfolgt mit einem Python Programm. <\/p>\n\n\n\n<p>Danach werden die Daten analysiert und in eine weiter Tabelle die Tageswerte zusammengefasst abgespeichert. Aus dieser  Zusammenfassung wird mit einem weiteren Python Programm die SVG Bilddateien erzeugt.<\/p>\n\n\n\n<p><\/p>\n","protected":false},"excerpt":{"rendered":"<p>Ihr Browser unterst\u00fctzt keine SVGs.Maximalwert eines Tages im Monat Ihr Browser unterst\u00fctzt keine SVGs. Ihr Browser unterst\u00fctzt keine SVGs. Ihr Browser unterst\u00fctzt keine SVGs.Maximalwert eines Tages im Monat Ihr Browser unterst\u00fctzt keine SVGs. Ihr Browser unterst\u00fctzt keine SVGs. Maximalwert pro Tag Ihr Browser unterst\u00fctzt keine SVGs. Ihr Browser unterst\u00fctzt keine SVGs. Ihr Browser unterst\u00fctzt keine&hellip; <a class=\"more-link\" href=\"https:\/\/www.busch-arpke.de\/Busch-WEB\/?page_id=37\"><span class=\"screen-reader-text\">PV Statistik<\/span> weiterlesen<\/a><\/p>\n","protected":false},"author":1,"featured_media":0,"parent":0,"menu_order":0,"comment_status":"open","ping_status":"closed","template":"","meta":{"inline_featured_image":false,"footnotes":""},"class_list":["post-37","page","type-page","status-publish","hentry","entry"],"_links":{"self":[{"href":"https:\/\/www.busch-arpke.de\/Busch-WEB\/index.php?rest_route=\/wp\/v2\/pages\/37","targetHints":{"allow":["GET"]}}],"collection":[{"href":"https:\/\/www.busch-arpke.de\/Busch-WEB\/index.php?rest_route=\/wp\/v2\/pages"}],"about":[{"href":"https:\/\/www.busch-arpke.de\/Busch-WEB\/index.php?rest_route=\/wp\/v2\/types\/page"}],"author":[{"embeddable":true,"href":"https:\/\/www.busch-arpke.de\/Busch-WEB\/index.php?rest_route=\/wp\/v2\/users\/1"}],"replies":[{"embeddable":true,"href":"https:\/\/www.busch-arpke.de\/Busch-WEB\/index.php?rest_route=%2Fwp%2Fv2%2Fcomments&post=37"}],"version-history":[{"count":26,"href":"https:\/\/www.busch-arpke.de\/Busch-WEB\/index.php?rest_route=\/wp\/v2\/pages\/37\/revisions"}],"predecessor-version":[{"id":909,"href":"https:\/\/www.busch-arpke.de\/Busch-WEB\/index.php?rest_route=\/wp\/v2\/pages\/37\/revisions\/909"}],"wp:attachment":[{"href":"https:\/\/www.busch-arpke.de\/Busch-WEB\/index.php?rest_route=%2Fwp%2Fv2%2Fmedia&parent=37"}],"curies":[{"name":"wp","href":"https:\/\/api.w.org\/{rel}","templated":true}]}}